 - 10, 0 = -3*s + 6*w - 11*w - 22. What is f(s)?
-18
Let l(y) = y**2 - 8*y + 8. Let m(s) = s**3 - 5*s**2 + 6*s - 4. Let q = -5 + 9. Let i be m(q). Suppose 4*b - 19 = o, -i*o + 2*o - 14 = -4*b. What is l(b)?
-4
Let s(j) be the second derivative of -j**5/20 - 5*j**4/12 - j**3/2 - 3*j**2 - 5*j - 47. Calculate s(-4).
-10
Let a(h) be the first derivative of h**4/4 + 4*h**3/3 - 3*h**2/2 + 6*h + 51. Determine a(-5).
-4
Let k = 27 + -25. Let j(n) = -3*n + 0*n + 3*n**2 - 7 - k*n - 2*n**2. Calculate j(6).
-1
Let x(a) = a**2 + 2*a + 1. Let z be x(-3). Let s be 31 + 2 - 9/(-3). Let o(k) = -1 + 40*k + 0*k**3 - s*k + 3*k**2 - k**3. Calculate o(z).
-1
Let u be (-142)/(-7) - 12/42. Suppose 4*a + 0 - u = 4*r, 10 = -2*a - 2*r. Let c(f) = f + a*f - 4*f - 2*f**2 + 1 + 0*f**2. Calculate c(-3).
-8
Suppose b - 5*c + 10 = 0, -3*b + c = 2*c + 14. Let z(n) = 3*n**2 - 3*n + 13. Let l(o) = 22*o - 42*o - 2*o**2 - 7 + 21*o. Let p(s) = 5*l(s) + 3*z(s). Give p(b).
-1
Let p(l) = l**2 + 3*l - 4. Let f(z) = -1 + 7 + 3*z + 7. Let j be f(-6). Calculate p(j).
6
Let s(c) = -c**2 - 3*c + 1. Let y = -589 - -585. Suppose -2*t + 6 = -4*d, -5*t + 4*d + 15 = 3*d. Let l be 6 + y/t*3. What is s(l)?
-9
Let i(n) = 5*n - 2. Let m(k) = -26*k + 22. Let t(g) = 6*i(g) + m(g). Calculate t(-4).
-6
Let r(t) = 13*t**3 + 9*t**2 - 4*t + 16. Let o(m) = 3*m**3 + 2*m**2 - m + 4. Let g(q) = -9*o(q) + 2*r(q). Suppose -12*w = 3 - 3. What is g(w)?
-4
Suppose -4*y - 4*j = 40, 3*j - 62 = 4*y + 6. Let z = y - -16. Let m(p) = -2 - 6*p - 1 + 7 - z. Give m(2).
-10
Let b(o) = 2*o**2 + 7*o + 2. Let r be b(-5). Let h(j) = -r*j**2 + 18*j**2 - 1 - 5. Give h(0).
-6
Let w(c) be the second derivative of -c**4/12 - c**3 - c**2 + 17*c - 1. Suppose -4*v - 2*h + 42 = -v, v + 5*h - 14 = 0. Suppose -v = 4*r + 2. What is w(r)?
6
Let y(w) = w**2 - 2*w - 31. Let v be y(7). Let x(u) be the first derivative of u**3/3 - 3*u**2/2 - 5*u + 1. What is x(v)?
-1
Let x be (0 - 13 - 0)*-1. Suppose x*v + 15 - 54 = 0. Let t(a) be the first derivative of -a**4/4 + 4*a**3/3 - a**2 + 1. Determine t(v).
3
Let a(h) = -2*h - 3. Suppose 3*f + 1 = 1. Suppose 5*k + f + 15 = 0. Calculate a(k).
3
Suppose 7*t = -14 - 28. Let w(a) = 2*a + 13. Calculate w(t).
1
Let d be (-2)/(-4)*(-42)/(-3). Let y(s) = s**2 - 7*s + 9. Determine y(d).
9
Let l(q) = q**2 - 2. Let c(d) = d**3 + 21*d**2 + 16*d. Let o(f) = c(f) - 4*l(f). What is o(-16)?
8
Suppose -2*g + g - 17 = 0. Let s = g - -22. Suppose -3*m - 18 = s*w, 4*m - 4*w = -w + 5. Let j(q) = 2*q**3 + q**2. What is j(m)?
-1
Let l be 27/(-5) + (-24)/(-60). Let w be 3 + l + 2 + -2. Let r(d) = -d + 1. Let f(g) = -2*g**2 + 3*g - 1. Let q(k) = -f(k) - 2*r(k). What is q(w)?
9
Let o(p) be the third derivative of p**9/60480 - p**8/3360 + p**7/5040 - p**6/144 + p**5/4 - 16*p**2. Let y(n) be the third derivative of o(n). Give y(6).
1
Suppose -2*o = -2*m + 16 - 0, 0 = 3*o - m + 14. Let r be -3*(-2)/3 + o. Let h(l) = -2*l**3 - 2*l**2 - l. Let d be h(r). Let v(f) = -3*f**3 - f + 1. Give v(d).
-3
Let j be ((-160)/(-35) + -4)*(-14)/(-4). Let i(d) = -4*d - 3*d**3 - 6*d**j + 0*d**3 + 3*d**2 - 2 + 4*d**3. What is i(-2)?
-14
Let c be (2 - 4 - -5) + -7. Let q(g) = g + 5. Let z(f) = -2*f - 11. Let p(v) = 5*q(v) + 2*z(v). What is p(c)?
-1
Let c(w) = w - 1. Let g(y) = 11*y - 7. Let o(p) = p. Let a(n) = -g(n) + 3*o(n). Let z(b) = a(b) + 4*c(b). Determine z(6).
-21
Let y = -26 + 36. Suppose 0*c - 4*c - 2*n = -16, -5*c + y = 5*n. Let a(m) = -m**2 + 5*m + 3. Determine a(c).
-3
Let j be 4*(-3)/(-12) + 9. Suppose j*q = 8*q. Let y(m) be the first derivative of m**2/2 + 2*m - 44. Give y(q).
2
Let v be (-8)/(6/(0 - 3)). Let z(f) = 9*f**2 - 8*f - 1. Let q(h) = -4*h**2 + 4*h + 1. Let y(t) = 7*q(t) + 3*z(t). What is y(v)?
4
Let u(i) = -i**2 + 5*i + 3. Let p(j) = 5*j**2 - 17*j + 16. Let c be p(1). Give u(c).
7
Let s(g) = g + 133. Let k(b) = -b + 67. Let p(f) = -7*k(f) + 4*s(f). Determine p(-6).
-3
Let q(b) = -b - 1. Let p(w) = 4*w - 2. Let m(l) = p(l) + 3*q(l). Let o(c) = c**2 - 8*c + 4. Let h be o(8). Determine m(h).
-1
Let d be (-1 - (2 + 2)) + 7. Let j(i) = -3*i - 3. What is j(d)?
-9
Suppose 0 = 3*i + 2*i - 45. Suppose -5*r + 3*o = -32, -r + 2*o = -2*r + i. Let d(c) = 0*c - 3 + 6*c - r*c. Give d(0).
-3
Let o = 6 + -6. Suppose o = t + t - 20. Let c(f) = -2*f + 2*f + f - t. What is c(7)?
-3
Suppose w - 4*j + j = 12, 2*j = -4*w + 6. Suppose -3*r - 4*o = r - 20, r = w*o - 11. Let f(q) = q**2 + q. What is f(r)?
2
Let f(u) be the third derivative of u**5/60 + 2*u**4/3 + 5*u**3/2 + 339*u**2. What is f(-15)?
0
Suppose -2*o = 1 - 13. Suppose 33 = 4*p + 3*q, -p - 8*q + 3*q + 21 = 0. Let g(k) = 0*k - 3 + p - 1 - k. Determine g(o).
-4
Let a(b) = b**3 + b**2 - b + 4. Let q(r) = -r**3 - r**2 + r. Let t(s) = -a(s) - 2*q(s). What is t(-3)?
-19
Suppose -1 = -i - s, i + 4*s + 1 = 2*s. Let f(x) = i*x**3 + 4*x**3 - 6*x**3 - 9 + 0*x**3. Give f(0).
-9
Suppose -2*r - 5 = -3*n + 4*n, 0 = -2*r. Let p(x) be the second derivative of 0 - 5/6*x**3 - 1/2*x**4 - 1/20*x**5 - 14*x + x**2. Give p(n).
2
Let x(p) be the third derivative of 0 - 1/60*p**5 + 4*p**2 + 0*p**4 + 1/6*p**3 + 0*p. Give x(2).
-3
Suppose 0 = 6*i - 34 + 22. Let l(x) = 3*x**2 - 4*x + 1. Determine l(i).
5
Suppose 0 = -4*t - t + 15. Let a(z) = 0 + z**2 + 3 - 4 - 6*z + 0. Determine a(t).
-10
Let h(r) = 2*r**2 + r - 5. Let k = -61 - -57. Give h(k).
23
Let p(g) = 2*g**3 - 20*g**2 + 4*g + 2. Let c be p(10). Let i(o) = o - 2*o - 50 + c. Give i(-6).
-2
Let b = -10 - -14. Let t(g) = 2 - b - g + 1 + 6*g**2. Let x be -13 - -12 - (-5 - -5). Calculate t(x).
6
Let u(p) = -16 + 8 + 9. Let t(h) = h + 4. Let o(j) = -t(j) + 3*u(j). Calculate o(1).
-2
Suppose j + 32 = 3*s, -2*j - 2*j = 5*s - 25. Let n(l) = -s - 3*l + 2 + l + l. Let g = -18 - -18. What is n(g)?
-7
Let a(j) = j**2 - 4*j - 2. Let l(p) = 2*p**2 + 3*p + 3. Let o be l(-2). Calculate a(o).
3
Let o = 11 + -8. Let z be 5/(4/(o + 1)). Let f(s) = -4*s - z*s**2 - s**3 - 2 + 10 - 7. What is f(-4)?
1
Let n(w) = -w**2 - 20*w - 97. Let b be n(-10). Let o(r) be the second derivative of -3/2*r**2 + 0 + 1/12*r**4 + 0*r**b + r. Give o(-3).
6
Let j(i) = -5*i - 9*i + 17*i - 2*i - 3*i - 3. Give j(3).
-9
Let x(o) be the first derivative of o**3/3 + 4*o**2 - 9*o - 98. What is x(-7)?
-16
Let z(y) = 2*y**3 - 10*y**2 + 3*y - 10. Let m(j) = -5*j**3 + 21*j**2 - 8*j + 18. Let h(r) = 3*m(r) + 7*z(r). Calculate h(-7).
5
Let t(h) be the second derivative of 5*h**4/6 + 2*h + 18. What is t(1)?
10
Let k(x) = x**3 - 11*x**2 + 6*x - 60. Let m be k(11). Let y(g) = -2*g - 5. Calculate y(m).
-17
Let i(l) = -4*l - 4. Let q be (-3)/(3/12*-3). Suppose -h + 4*v + 23 = 4*h, 2*v + q = 0. What is i(h)?
-16
Let h = -346 - -347. Let a(z) be the second derivative of z**4/4 - z**3/6 + 3*z**2/2 + z. Let t(k) be the first derivative of a(k). Determine t(h).
5
Let q(s) = -3*s**2 - 5*s - 2. Let k(c) = c**2 - c - 1. Let u(m) = -2*k(m) - q(m). Let w = 23 + -21. Suppose w*b = -3*b - 25. Give u(b).
-6
Let b be (0 - 4) + 4/2. Let j(v) be the first derivative of v**5/24 + v**4/8 - 4*v**3/3 + 3. Let g(k) be the third derivative of j(k). Determine g(b).
-7
Let b(c) = -c**2 - 229*c - 4 + 114*c + 120*c. Suppose l - 12 = -3*l. What is b(l)?
2
Suppose 24*g = -90 - 30. Let i(p) = -3*p - 3*p + 7*p. Let u(j) = -5*j**2 + 5*j + 1. Let k(h) = g*i(h) + u(h). What is k(1)?
-4
Let c(v) = -v**3 + 7*v**2 + 6*v + 9. Let h be (496/(-155))/(4/(-5) - -1). Let q be (h/(-10))/((-2)/(-10)). Determine c(q).
-7
Let s(p) = 4*p - 24. Let v be s(6). Let m(k) = 5*k + 4*k + 9 - 11 + v*k. Determine m(2).
16
Let n(z) = -z**2 + 2*z + 11*z - 9*z - 3 - 3*z - 36*z**3 + 4. Give n(-1).
35
Let c be 12/7 - 2 - (-30)/105. Let i be (c + 3)*((-85)/(-15) + -6). Let b(h) = 19*h**2 - 1. What is b(i)?
18
Let u(w) be the third derivative of w**7/210 + w**6/720 + w**4/2 - 9*w**2. Let x(m) be the second derivative of u(m). Let a = 2 - 1. Determine x(a).
13
Let b be -4 - (0 + -3 + 6). Let n(c) be the first derivative of -3*c**2 + 3*c - 1/3*c**3 - 2. Calculate n(b).
-4
Let j(w) = -3*w**2 - 4*w + 1. Let i(d) = -137*d + 819. Let v be i(6). Calculate j(v).
-14
Suppose -4*f + 22 = -10. Let g(a) be the first derivative of a**4/4 - 7*a**3/3 - 4*a**2 - 6*a - 33. Determine g(f).
-6
Let z(l) = -l**3 + l**2 + 5*l - 4. Let x(v) = -5*v**2 - v + 1. Let a be x(2). Let b be 28/a - 13/(-3). Ca